3.
1021000221210
Convert 1127651 (base 8) to base 7.
2416242
a88c17 (base 13) to base 14
751758
What is -166413 (base 10) in base 4?
-220220031
What is -a2a2 (base 14) in base 9?
-42332
Convert -6070a (base 13) to base 14.
-46c59
What is -117024 (base 10) in base 4?
-130210200
Convert -253515 (base 7) to base 3.
-2101100020
Convert a2bad6 (base 15) to base 14.
1054a1a
What is -76261 (base 12) in base 7?
-1216315
Convert -2202233111 (base 4) to base 10.
-666581
Convert 92460 (base 10) to base 5.
10424320
2525202 (base 6) to base 2
100001001100000010
554815 (base 9) to base 15
683d8
Convert 10111100110011110 (base 2) to base 14.
27330
What is -3122210 (base 4) in base 16?
-36a4
Convert 2511142 (base 12) to base 16.
6e7482
Convert 102221202201211 (base 3) to base 12.
2164641
What is -4425054 (base 6) in base 5?
-24041214
Convert 12410034 (base 5) to base 9.
206052
-114214 (base 6) to base 2
-10011100100010
Convert -6236521 (base 7) to base 11.
-471836
What is 13301213 (base 5) in base 9?
224518
Convert -1a8a31 (base 13) to base 14.
-138609
What is 14330410 (base 5) in base 4?
211012230
10361363 (base 7) to base 5
211421110
What is 25440040 (base 6) in base 7?
10023156
Convert 2621628 (base 10) to base 16.
2800bc
1aa3a3a (base 11) to base 13
969582
-11110010011100111011 (base 2) to base 9
-1773225
What is -54794 (base 14) in base 11?
-12a762
What is -138712c (base 13) in base 8?
-27457472
What is 2ca652 (base 14) in base 3?
2221112020010
What is 25131472 (base 8) in base 5?
2410112111
157374 (base 8) to base 15
11da9
What is 120000311212 (base 4) in base 14?
b9c0aa
-65823 (base 12) to base 16
-20c5b
What is -67338 (base 13) in base 9?
-314830
Convert 111101000101111100010 (base 2) to base 7.
23005262
-e201b (base 16) to base 9
-1660761
What is -9068420 (base 10) in base 9?
-18051472
-3320124 (base 8) to base 5
-212034022
What is 5a8682 (base 12) in base 4?
11211333002
Convert 513404 (base 8) to base 5.
20412412
What is -c4d01 (base 15) in base 16?
-98536
What is -4c844 (base 13) in base 4?
-202223000
Convert c808c3 (base 13) to base 5.
2144414030
Convert -744254 (base 8) to base 4.
-330202230
What is 95db7 (base 15) in base 6?
14105501
Convert -885324 (base 11) to base 3.
-2122202200210
1003120 (base 5) to base 4
3322203
Convert -1445384 (base 9) to base 6.
-25033421
Convert -104887 (base 11) to base 13.
-5b29b
Convert -3bf747 (base 16) to base 5.
-2001224202
What is -9ec23 (base 15) in base 6?
-14500440
c25762 (base 14) to base 15
8947d3
Convert -36637 (base 10) to base 16.
-8f1d
What is -123891d (base 14) in base 4?
-201112303233
11611464 (base 10) to base 4
230102311020
What is -20100201120201 (base 3) in base 8?
-14711544
-21204510 (base 6) to base 2
-10011000001000011010
What is 398633 (base 10) in base 14?
a53bb
What is -401165 (base 9) in base 15?
-4a395
What is -1a889 (base 14) in base 8?
-203731
Convert -430872 (base 10) to base 15.
-879ec
440006 (base 8) to base 12
71406
10d9b7b (base 14) to base 5
4030242110
4ea961 (base 16) to base 15
6bc6ce
What is -15210606 (base 7) in base 14?
-299a3d
Convert -1e514 (base 15) to base 2.
-11000001011001011
Convert -123331301130 (base 4) to base 14.
-d8b884
87151 (base 11) to base 16
1ee9e
What is -3dae9a (base 16) in base 12?
-142b422
-21311313303 (base 4) to base 11
-15023a4
21422206 (base 7) to base 6
103215111
What is 13043012 (base 5) in base 7?
1041556
Convert -472348 (base 9) to base 7.
-2261414
What is -2130321010 (base 4) in base 13?
-19666c
What is 20112011120 (base 3) in base 6?
2430323
-265267 (base 11) to base 8
-1456226
Convert 2552132 (base 6) to base 11.
9560a
Convert 2736044 (base 12) to base 6.
434520124
What is 1b8fb5 (base 16) in base 8?
6707665
-90766 (base 16) to base 3
-1010001200111
Convert 134541 (base 10) to base 14.
37061
4154936 (base 10) to base 9
7732445
Convert 498c9 (base 14) to base 13.
63c93
-89942 (base 11) to base 13
-47388
What is 51449 (base 16) in base 2?
1010001010001001001
What is -11545044 (base 6) in base 7?
-3105601
101333103031 (base 4) to base 3
22212120202111
Convert 100012021100212 (base 3) to base 12.
1777b95
What is -1001000011001111110101010 (base 2) in base 14?
-274129c
Convert -2222410 (base 6) to base 10.
-112038
2786750 (base 9) to base 15
204669
-85e03a (base 15) to base 11
-3664a56
11011001110010001111 (base 2) to base 11
55a232
Convert 1103403114 (base 5) to base 16.
24acce
Convert 829a53 (base 12) to base 6.
111530543
What is 9b8718 (base 15) in base 10?
7419848
What is -15215011 (base 6) in base 7?
-4341355
-1a91da (base 14) to base 4
-3213031330
Convert -584873 (base 16) to base 11.
-32a1991
1223056 (base 8) to base 3
122010220022
Convert 2d49d (base 14) to base 2.
11011101100010011
61707 (base 11) to base 10
90031
Convert -4785381 (base 9) to base 6.
-131344244
Convert -4a27 (base 16) to base 13.
-8843
-251861 (base 12) to base 7
-5064541
73520 (base 10) to base 8
217460
What is -111000100001101001010111 (base 2) in base 8?
-70415127
Convert 1011110102 (base 3) to base 11.
1625a
What is -397e76 (base 16) in base 9?
-7072554
Convert 3e220 (base 16) to base 13.
8bab8
What is -19c0c (base 13) in base 7?
-266602
Convert 3543759 (base 11) to base 5.
3040332111
What is 323e7b (base 15) in base 9?
4446228
What is -383042 (base 9) in base 16?
-389b4
What is -11304101003 (base 5) in base 11?
-734a356
Convert 510786 (base 10) to base 8.
1745502
Convert 5d931a (base 14) to base 5.
1310320321
What is 120212212121 (base 3) in base 6?
10411241
What is -1203121 (base 4) in base 16?
-18d9
Convert -5005205 (base 6) to base 12.
-b3805
Convert 61742122 (base 8) to base 11.
7432178
61585 (base 10) to base 4
33002101
What is 23110030 (base 5) in base 4?
302200222
10356312 (base 8) to base 11
1286364
Convert 4a047 (base 13) to base 2.
100001010001010001
30494 (base 12) to base 14
18cc8
331310002 (base 5) to base 4
11131211011
31231320311 (base 4) to base 15
4b066e
What is 101101101001011011010 (base 2) in base 7?
15466563
-1181439 (base 12) to base 9
-6356100
Convert -6805cb (base 14) to base 5.
-1401113211
What is -22300212230 (base 4) in base 9?
-5268025
2040044 (base 6) to base 13
35aca
19960c (base 14) to base 4
3132002030
What is -1752b8a (base 13) in base 9?
-15224882
1001302512 (base 6) to base 3
201002120211222
-11321534 (base 6) to base 8
-1261242
Convert -11645 (base 13) to base 6.
-403205
What is -21210023 (base 5) in base 13?
-634a0
Convert 42878 (base 15) to base 3.
101201122212
-1a480 (base 11) to base 7
-146105
Convert 428e (base 16) to base 11.
1188a
Convert -6773b (base 12) to base 14.
-381c3
Convert 6c9b27 (base 13) to base 10.
2592155
-1100111111100001 (base 2) to base 11
-36a8a
What is 1011101000000110111 (base 2) in base 15?
77d3d
-143968 (base 11) to base 3
-102102022212
What is 955841 (base 10) in base 3?
1210120011112
What is 39c314 (base 14) in base 8?
7464056
Convert -121610 (base 9) to base 15.
-16b30
What is 10d43cd (base 14) in base 16?
7ab0f1
What is 1010424222 (base 5) in base 6?
111502110
What is 2477145 (base 8) in base 9?
1257330
24224241 (base 9) to base 7
202343146
What is 3004363 (base 8) in base 2?
11000000100011110011
Convert -18ba9 (base 15) to base 10.
-80259
Convert -2801ae (base 15) to base 8.
-7256053
What is 32201233 (base 6) in base 3?
1210012202110
-67720 (base 10) to base 9
-112804
Convert -21023742 (base 8) to base 2.
-10001000010011111100010
Convert -57359 (base 12) to base 6.
-2254153
Convert -1000100001111001001 (base 2) to base 13.
-9a2aa
What is -76945 (base 10) in base 4?
-102302101
What is 3680035 (base 9) in base 2?
111101000100011110001
1c7eb (base 15) to base 16
16af9
Convert 2514423 (base 7) to base 3.
121102111210
Convert -2427816 (base 9) to base 14.
-264446
120566 (base 7) to base 11
15501
Convert -5837b (base 12) to base 10.
-118031
-bd699 (base 16) to base 8
-2753231
Convert 432103401 (base 6) to base 16.
74e279
What is -303014042 (base 6) in base 10?
-5181002
What is -111101232 (base 5) in base 7?
-4100562
22022020001121 (base 3) to base 9
8266047
4338a5 (base 11) to base 12
2951ab
-10a1b (base 13) to base 7
-154160
What is 20322113313 (base 4) in base 10?
2336247
What is 292690 (base 13) in base 9?
1801734
What is 1e537 (base 15) in base 8?
301354
Convert -103235035 (base 6) to base 3.
-1011